{"id":172,"date":"2018-12-11T14:30:26","date_gmt":"2018-12-11T13:30:26","guid":{"rendered":"https:\/\/www.signum.at\/Newsletter\/?page_id=172"},"modified":"2018-12-11T17:14:50","modified_gmt":"2018-12-11T16:14:50","slug":"wissenswertes-zu-druckerhoehungsanlagen","status":"publish","type":"page","link":"https:\/\/www.signum.at\/Newsletter\/wissenswertes-zu-druckerhoehungsanlagen\/","title":{"rendered":"Wissenswertes zu Druckerh\u00f6hungsanlagen"},"content":{"rendered":"\t\t<div data-elementor-type=\"wp-post\" data-elementor-id=\"172\" class=\"elementor elementor-172 elementor-bc-flex-widget\">\n\t\t\t\t\t\t<div class=\"elementor-inner\">\n\t\t\t\t<div class=\"elementor-section-wrap\">\n\t\t\t\t\t\t\t\t\t<section class=\"elementor-section elementor-top-section elementor-element elementor-element-f3d4aa6 elementor-section-boxed elementor-section-height-default elementor-section-height-default\" data-id=\"f3d4aa6\" data-element_type=\"section\">\n\t\t\t\t\t\t<div class=\"elementor-container elementor-column-gap-default\">\n\t\t\t\t\t\t\t<div class=\"elementor-row\">\n\t\t\t\t\t<div class=\"elementor-column elementor-col-100 elementor-top-column elementor-element elementor-element-5b59083\" data-id=\"5b59083\" data-element_type=\"column\">\n\t\t\t<div class=\"elementor-column-wrap elementor-element-populated\">\n\t\t\t\t\t\t\t<div class=\"elementor-widget-wrap\">\n\t\t\t\t\t\t<div class=\"elementor-element elementor-element-c7f84dc elementor-widget elementor-widget-image\" data-id=\"c7f84dc\" data-element_type=\"widget\" data-widget_type=\"image.default\">\n\t\t\t\t<div class=\"elementor-widget-container\">\n\t\t\t\t\t\t\t\t<div class=\"elementor-image\">\n\t\t\t\t\t\t\t\t\t\t\t\t<img decoding=\"async\" width=\"1024\" height=\"261\" src=\"https:\/\/www.signum.at\/Newsletter\/wp-content\/uploads\/2018\/12\/Druckerh\u00f6hung-1024x261.jpg\" class=\"attachment-large size-large\" alt=\"\" srcset=\"https:\/\/www.signum.at\/Newsletter\/wp-content\/uploads\/2018\/12\/Druckerh\u00f6hung-200x51.jpg 200w, https:\/\/www.signum.at\/Newsletter\/wp-content\/uploads\/2018\/12\/Druckerh\u00f6hung-300x77.jpg 300w, https:\/\/www.signum.at\/Newsletter\/wp-content\/uploads\/2018\/12\/Druckerh\u00f6hung-400x102.jpg 400w, https:\/\/www.signum.at\/Newsletter\/wp-content\/uploads\/2018\/12\/Druckerh\u00f6hung-600x153.jpg 600w, https:\/\/www.signum.at\/Newsletter\/wp-content\/uploads\/2018\/12\/Druckerh\u00f6hung-768x196.jpg 768w, https:\/\/www.signum.at\/Newsletter\/wp-content\/uploads\/2018\/12\/Druckerh\u00f6hung-800x204.jpg 800w, https:\/\/www.signum.at\/Newsletter\/wp-content\/uploads\/2018\/12\/Druckerh\u00f6hung-1024x261.jpg 1024w, https:\/\/www.signum.at\/Newsletter\/wp-content\/uploads\/2018\/12\/Druckerh\u00f6hung.jpg 1168w\" sizes=\"(max-width: 1024px) 100vw, 1024px\" \/>\t\t\t\t\t\t\t\t\t\t\t\t\t\t<\/div>\n\t\t\t\t\t\t<\/div>\n\t\t\t\t<\/div>\n\t\t\t\t\t\t<\/div>\n\t\t\t\t\t<\/div>\n\t\t<\/div>\n\t\t\t\t\t\t\t\t<\/div>\n\t\t\t\t\t<\/div>\n\t\t<\/section>\n\t\t\t\t<section class=\"elementor-section elementor-top-section elementor-element elementor-element-6ebffdf elementor-section-boxed elementor-section-height-default elementor-section-height-default\" data-id=\"6ebffdf\" data-element_type=\"section\">\n\t\t\t\t\t\t<div class=\"elementor-container elementor-column-gap-default\">\n\t\t\t\t\t\t\t<div class=\"elementor-row\">\n\t\t\t\t\t<div class=\"elementor-column elementor-col-100 elementor-top-column elementor-element elementor-element-342709b\" data-id=\"342709b\" data-element_type=\"column\">\n\t\t\t<div class=\"elementor-column-wrap elementor-element-populated\">\n\t\t\t\t\t\t\t<div class=\"elementor-widget-wrap\">\n\t\t\t\t\t\t<div class=\"elementor-element elementor-element-bd05a9a elementor-widget elementor-widget-text-editor\" data-id=\"bd05a9a\" data-element_type=\"widget\" data-widget_type=\"text-editor.default\">\n\t\t\t\t<div class=\"elementor-widget-container\">\n\t\t\t\t\t\t\t\t<div class=\"elementor-text-editor elementor-clearfix\">\n\t\t\t\t<h3><strong>Druckerh\u00f6hung f\u00fcr die Wasserversorgung<\/strong><\/h3><p>Vor welchen Herausforderungen Sie auch stehen &#8211; wir haben die passende L\u00f6sung! Unsere Druckerh\u00f6hungsanlagen decken nahezu alle Anwendungsbereiche in der Geb\u00e4udetechnik ab.<\/p><h4><strong>Hochhaus, Wohnhaus oder Stadion<\/strong><\/h4><p>Wir bieten h\u00f6chsten Komfort f\u00fcr alle Arten von Geb\u00e4uden \u2013\u00a0aber auch f\u00fcr alle Arten von kommerziellen Einrichtungen. Grundfos Druckerh\u00f6hungsanlagen sind z.B. bestens geeignet f\u00fcr die Wasserversorgung in mehrst\u00f6ckigen Geb\u00e4uden, weil sie ihren Betrieb optimal an den \u00fcber den Tag schwankenden Wasserbedarf anpassen.<\/p>\t\t\t\t\t<\/div>\n\t\t\t\t\t\t<\/div>\n\t\t\t\t<\/div>\n\t\t\t\t\t\t<\/div>\n\t\t\t\t\t<\/div>\n\t\t<\/div>\n\t\t\t\t\t\t\t\t<\/div>\n\t\t\t\t\t<\/div>\n\t\t<\/section>\n\t\t\t\t<section class=\"elementor-section elementor-top-section elementor-element elementor-element-7a9ddc1 elementor-section-boxed elementor-section-height-default elementor-section-height-default\" data-id=\"7a9ddc1\" data-element_type=\"section\">\n\t\t\t\t\t\t<div class=\"elementor-container elementor-column-gap-default\">\n\t\t\t\t\t\t\t<div class=\"elementor-row\">\n\t\t\t\t\t<div class=\"elementor-column elementor-col-100 elementor-top-column elementor-element elementor-element-9108bf4\" data-id=\"9108bf4\" data-element_type=\"column\">\n\t\t\t<div class=\"elementor-column-wrap elementor-element-populated\">\n\t\t\t\t\t\t\t<div class=\"elementor-widget-wrap\">\n\t\t\t\t\t\t<div class=\"elementor-element elementor-element-a95e0b2 elementor-widget elementor-widget-image\" data-id=\"a95e0b2\" data-element_type=\"widget\" data-widget_type=\"image.default\">\n\t\t\t\t<div class=\"elementor-widget-container\">\n\t\t\t\t\t\t\t\t<div class=\"elementor-image\">\n\t\t\t\t\t\t\t\t\t\t\t\t<img decoding=\"async\" width=\"610\" height=\"427\" src=\"https:\/\/www.signum.at\/Newsletter\/wp-content\/uploads\/2018\/12\/Hydro-MPC.jpg\" class=\"attachment-large size-large\" alt=\"\" srcset=\"https:\/\/www.signum.at\/Newsletter\/wp-content\/uploads\/2018\/12\/Hydro-MPC-200x140.jpg 200w, https:\/\/www.signum.at\/Newsletter\/wp-content\/uploads\/2018\/12\/Hydro-MPC-300x210.jpg 300w, https:\/\/www.signum.at\/Newsletter\/wp-content\/uploads\/2018\/12\/Hydro-MPC-400x280.jpg 400w, https:\/\/www.signum.at\/Newsletter\/wp-content\/uploads\/2018\/12\/Hydro-MPC-600x420.jpg 600w, https:\/\/www.signum.at\/Newsletter\/wp-content\/uploads\/2018\/12\/Hydro-MPC.jpg 610w\" sizes=\"(max-width: 610px) 100vw, 610px\" \/>\t\t\t\t\t\t\t\t\t\t\t\t\t\t<\/div>\n\t\t\t\t\t\t<\/div>\n\t\t\t\t<\/div>\n\t\t\t\t\t\t<\/div>\n\t\t\t\t\t<\/div>\n\t\t<\/div>\n\t\t\t\t\t\t\t\t<\/div>\n\t\t\t\t\t<\/div>\n\t\t<\/section>\n\t\t\t\t<section class=\"elementor-section elementor-top-section elementor-element elementor-element-efe41ea elementor-section-boxed elementor-section-height-default elementor-section-height-default\" data-id=\"efe41ea\" data-element_type=\"section\">\n\t\t\t\t\t\t<div class=\"elementor-container elementor-column-gap-default\">\n\t\t\t\t\t\t\t<div class=\"elementor-row\">\n\t\t\t\t\t<div class=\"elementor-column elementor-col-100 elementor-top-column elementor-element elementor-element-3a46244\" data-id=\"3a46244\" data-element_type=\"column\">\n\t\t\t<div class=\"elementor-column-wrap elementor-element-populated\">\n\t\t\t\t\t\t\t<div class=\"elementor-widget-wrap\">\n\t\t\t\t\t\t<div class=\"elementor-element elementor-element-2d3bb94 elementor-widget elementor-widget-text-editor\" data-id=\"2d3bb94\" data-element_type=\"widget\" data-widget_type=\"text-editor.default\">\n\t\t\t\t<div class=\"elementor-widget-container\">\n\t\t\t\t\t\t\t\t<div class=\"elementor-text-editor elementor-clearfix\">\n\t\t\t\t<h2><strong><a name=\"intelligent-boosting-solution\"><\/a>Warum sollten Sie sich f\u00fcr eine Intelligente Anlage entscheiden?<\/strong><\/h2>\t\t\t\t\t<\/div>\n\t\t\t\t\t\t<\/div>\n\t\t\t\t<\/div>\n\t\t\t\t\t\t<\/div>\n\t\t\t\t\t<\/div>\n\t\t<\/div>\n\t\t\t\t\t\t\t\t<\/div>\n\t\t\t\t\t<\/div>\n\t\t<\/section>\n\t\t\t\t<section class=\"elementor-section elementor-top-section elementor-element elementor-element-7e75617 elementor-section-boxed elementor-section-height-default elementor-section-height-default\" data-id=\"7e75617\" data-element_type=\"section\">\n\t\t\t\t\t\t<div class=\"elementor-container elementor-column-gap-default\">\n\t\t\t\t\t\t\t<div class=\"elementor-row\">\n\t\t\t\t\t<div class=\"elementor-column elementor-col-100 elementor-top-column elementor-element elementor-element-136fcc9\" data-id=\"136fcc9\" data-element_type=\"column\">\n\t\t\t<div class=\"elementor-column-wrap elementor-element-populated\">\n\t\t\t\t\t\t\t<div class=\"elementor-widget-wrap\">\n\t\t\t\t\t\t<div class=\"elementor-element elementor-element-b6b6ab6 elementor-aspect-ratio-169 elementor-widget elementor-widget-video\" data-id=\"b6b6ab6\" data-element_type=\"widget\" data-settings=\"{&quot;youtube_url&quot;:&quot;https:\\\/\\\/youtu.be\\\/9PHQSZgXEX0&quot;,&quot;video_type&quot;:&quot;youtube&quot;,&quot;controls&quot;:&quot;yes&quot;,&quot;aspect_ratio&quot;:&quot;169&quot;}\" data-widget_type=\"video.default\">\n\t\t\t\t<div class=\"elementor-widget-container\">\n\t\t\t\t\t<div class=\"elementor-wrapper elementor-fit-aspect-ratio elementor-open-inline\">\n\t\t\t<div class=\"elementor-video\"><\/div>\t\t<\/div>\n\t\t\t\t<\/div>\n\t\t\t\t<\/div>\n\t\t\t\t\t\t<\/div>\n\t\t\t\t\t<\/div>\n\t\t<\/div>\n\t\t\t\t\t\t\t\t<\/div>\n\t\t\t\t\t<\/div>\n\t\t<\/section>\n\t\t\t\t<section class=\"elementor-section elementor-top-section elementor-element elementor-element-8e6634e elementor-section-boxed elementor-section-height-default elementor-section-height-default\" data-id=\"8e6634e\" data-element_type=\"section\">\n\t\t\t\t\t\t<div class=\"elementor-container elementor-column-gap-default\">\n\t\t\t\t\t\t\t<div class=\"elementor-row\">\n\t\t\t\t\t<div class=\"elementor-column elementor-col-50 elementor-top-column elementor-element elementor-element-72730a7\" data-id=\"72730a7\" data-element_type=\"column\">\n\t\t\t<div class=\"elementor-column-wrap elementor-element-populated\">\n\t\t\t\t\t\t\t<div class=\"elementor-widget-wrap\">\n\t\t\t\t\t\t<div class=\"elementor-element elementor-element-2a01f43 elementor-widget elementor-widget-image\" data-id=\"2a01f43\" data-element_type=\"widget\" data-widget_type=\"image.default\">\n\t\t\t\t<div class=\"elementor-widget-container\">\n\t\t\t\t\t\t\t\t<div class=\"elementor-image\">\n\t\t\t\t\t\t\t\t\t\t\t\t\t<a href=\"https:\/\/at.grundfos.com\/content\/dam\/GPO\/Grundfos%20f%C3%BCr%20Ingenieure\/9430_Roof_Tank_Technical_leaflet_DE.PDF\">\n\t\t\t\t\t\t\t<img decoding=\"async\" width=\"1024\" height=\"528\" src=\"https:\/\/www.signum.at\/Newsletter\/wp-content\/uploads\/2018\/12\/Whitepaper-herunterladen-1024x528.jpg\" class=\"attachment-large size-large\" alt=\"\" srcset=\"https:\/\/www.signum.at\/Newsletter\/wp-content\/uploads\/2018\/12\/Whitepaper-herunterladen-200x103.jpg 200w, https:\/\/www.signum.at\/Newsletter\/wp-content\/uploads\/2018\/12\/Whitepaper-herunterladen-300x155.jpg 300w, https:\/\/www.signum.at\/Newsletter\/wp-content\/uploads\/2018\/12\/Whitepaper-herunterladen-400x206.jpg 400w, https:\/\/www.signum.at\/Newsletter\/wp-content\/uploads\/2018\/12\/Whitepaper-herunterladen-600x309.jpg 600w, https:\/\/www.signum.at\/Newsletter\/wp-content\/uploads\/2018\/12\/Whitepaper-herunterladen-768x396.jpg 768w, https:\/\/www.signum.at\/Newsletter\/wp-content\/uploads\/2018\/12\/Whitepaper-herunterladen-800x412.jpg 800w, https:\/\/www.signum.at\/Newsletter\/wp-content\/uploads\/2018\/12\/Whitepaper-herunterladen-1024x528.jpg 1024w, https:\/\/www.signum.at\/Newsletter\/wp-content\/uploads\/2018\/12\/Whitepaper-herunterladen.jpg 1168w\" sizes=\"(max-width: 1024px) 100vw, 1024px\" \/>\t\t\t\t\t\t\t\t<\/a>\n\t\t\t\t\t\t\t\t\t\t\t\t\t\t<\/div>\n\t\t\t\t\t\t<\/div>\n\t\t\t\t<\/div>\n\t\t\t\t<div class=\"elementor-element elementor-element-fe1e467 elementor-widget elementor-widget-text-editor\" data-id=\"fe1e467\" data-element_type=\"widget\" data-widget_type=\"text-editor.default\">\n\t\t\t\t<div class=\"elementor-widget-container\">\n\t\t\t\t\t\t\t\t<div class=\"elementor-text-editor elementor-clearfix\">\n\t\t\t\t<p>Dieser Artikel beschreibt kurz die geschichtlichen Hintergr\u00fcnde f\u00fcr Dachtanks und Druckerh\u00f6hungsanlagen. Es werden f\u00fcnf verschiedene Systeme zur Druckerh\u00f6hung in Hochh\u00e4usern vorgestellt und Berechnungen f\u00fcr den Einsatz dieser Systeme in einem fiktiven Geb\u00e4ude ausgef\u00fchrt.\u00a0 Druckerh\u00f6hungsanlagen mit Zoneneinteilung zeiegn gegen\u00fcber dem Dachtanksystem \u00fcberlegende Vorteile.\u00a0<\/p><p><b>Erfahren Sie mehr und laden Sie sich unser Whitepaper herunter.<\/b><\/p>\t\t\t\t\t<\/div>\n\t\t\t\t\t\t<\/div>\n\t\t\t\t<\/div>\n\t\t\t\t<div class=\"elementor-element elementor-element-9ea957c elementor-widget elementor-widget-button\" data-id=\"9ea957c\" data-element_type=\"widget\" data-widget_type=\"button.default\">\n\t\t\t\t<div class=\"elementor-widget-container\">\n\t\t\t\t\t<div class=\"elementor-button-wrapper\">\n\t\t\t<a href=\"https:\/\/at.grundfos.com\/content\/dam\/GPO\/Grundfos%20f%C3%BCr%20Ingenieure\/9430_Roof_Tank_Technical_leaflet_DE.PDF\" class=\"elementor-button-link elementor-button elementor-size-sm\" role=\"button\">\n\t\t\t\t\t\t<span class=\"elementor-button-content-wrapper\">\n\t\t\t\t\t\t<span class=\"elementor-button-text\">Download<\/span>\n\t\t<\/span>\n\t\t\t\t\t<\/a>\n\t\t<\/div>\n\t\t\t\t<\/div>\n\t\t\t\t<\/div>\n\t\t\t\t\t\t<\/div>\n\t\t\t\t\t<\/div>\n\t\t<\/div>\n\t\t\t\t<div class=\"elementor-column elementor-col-50 elementor-top-column elementor-element elementor-element-87100f3\" data-id=\"87100f3\" data-element_type=\"column\">\n\t\t\t<div class=\"elementor-column-wrap elementor-element-populated\">\n\t\t\t\t\t\t\t<div class=\"elementor-widget-wrap\">\n\t\t\t\t\t\t<div class=\"elementor-element elementor-element-ffd0ec0 elementor-widget elementor-widget-image\" data-id=\"ffd0ec0\" data-element_type=\"widget\" data-widget_type=\"image.default\">\n\t\t\t\t<div class=\"elementor-widget-container\">\n\t\t\t\t\t\t\t\t<div class=\"elementor-image\">\n\t\t\t\t\t\t\t\t\t\t\t\t\t<a href=\"https:\/\/at.grundfos.com\/content\/dam\/dach\/Grundfos%20f\u00fcr%20Ingenieure\/CBS%20Burst\/20160919_LY_Water-Boosting_DE_low.pdf\">\n\t\t\t\t\t\t\t<img decoding=\"async\" width=\"1024\" height=\"528\" src=\"https:\/\/www.signum.at\/Newsletter\/wp-content\/uploads\/2018\/12\/Anwendungsleitfaden-1024x528.jpg\" class=\"attachment-large size-large\" alt=\"\" srcset=\"https:\/\/www.signum.at\/Newsletter\/wp-content\/uploads\/2018\/12\/Anwendungsleitfaden-200x103.jpg 200w, https:\/\/www.signum.at\/Newsletter\/wp-content\/uploads\/2018\/12\/Anwendungsleitfaden-300x155.jpg 300w, https:\/\/www.signum.at\/Newsletter\/wp-content\/uploads\/2018\/12\/Anwendungsleitfaden-400x206.jpg 400w, https:\/\/www.signum.at\/Newsletter\/wp-content\/uploads\/2018\/12\/Anwendungsleitfaden-600x309.jpg 600w, https:\/\/www.signum.at\/Newsletter\/wp-content\/uploads\/2018\/12\/Anwendungsleitfaden-768x396.jpg 768w, https:\/\/www.signum.at\/Newsletter\/wp-content\/uploads\/2018\/12\/Anwendungsleitfaden-800x412.jpg 800w, https:\/\/www.signum.at\/Newsletter\/wp-content\/uploads\/2018\/12\/Anwendungsleitfaden-1024x528.jpg 1024w, https:\/\/www.signum.at\/Newsletter\/wp-content\/uploads\/2018\/12\/Anwendungsleitfaden.jpg 1168w\" sizes=\"(max-width: 1024px) 100vw, 1024px\" \/>\t\t\t\t\t\t\t\t<\/a>\n\t\t\t\t\t\t\t\t\t\t\t\t\t\t<\/div>\n\t\t\t\t\t\t<\/div>\n\t\t\t\t<\/div>\n\t\t\t\t<div class=\"elementor-element elementor-element-778f57f elementor-widget elementor-widget-text-editor\" data-id=\"778f57f\" data-element_type=\"widget\" data-widget_type=\"text-editor.default\">\n\t\t\t\t<div class=\"elementor-widget-container\">\n\t\t\t\t\t\t\t\t<div class=\"elementor-text-editor elementor-clearfix\">\n\t\t\t\t<p>Entdecken Sie die Vor- und Nachteile verschiedener Druckerh\u00f6hungsanlagen,<br \/>wie Einzel-Druckerh\u00f6hungsanlagen und Anlagen mit Zoneneinteilung. Erfahren<br \/>Sie hier, wie wichtig die fachgerechte Auslegung und Dimensionierung der<br \/>richtigen Pumpen f\u00fcr Ihre Anlage ist.<br \/><b><br \/>Laden Sie sich den &#8222;Anwendungsleitfaden f\u00fcr Druckerh\u00f6hung in gewerblich genutzten Geb\u00e4uden&#8220; herunter\u00a0<\/b><\/p>\t\t\t\t\t<\/div>\n\t\t\t\t\t\t<\/div>\n\t\t\t\t<\/div>\n\t\t\t\t<div class=\"elementor-element elementor-element-c7fecc3 elementor-widget elementor-widget-button\" data-id=\"c7fecc3\" data-element_type=\"widget\" data-widget_type=\"button.default\">\n\t\t\t\t<div class=\"elementor-widget-container\">\n\t\t\t\t\t<div class=\"elementor-button-wrapper\">\n\t\t\t<a href=\"https:\/\/at.grundfos.com\/content\/dam\/dach\/Grundfos%20f\u00fcr%20Ingenieure\/CBS%20Burst\/20160919_LY_Water-Boosting_DE_low.pdf\" class=\"elementor-button-link elementor-button elementor-size-sm\" role=\"button\">\n\t\t\t\t\t\t<span class=\"elementor-button-content-wrapper\">\n\t\t\t\t\t\t<span class=\"elementor-button-text\">Download<\/span>\n\t\t<\/span>\n\t\t\t\t\t<\/a>\n\t\t<\/div>\n\t\t\t\t<\/div>\n\t\t\t\t<\/div>\n\t\t\t\t\t\t<\/div>\n\t\t\t\t\t<\/div>\n\t\t<\/div>\n\t\t\t\t\t\t\t\t<\/div>\n\t\t\t\t\t<\/div>\n\t\t<\/section>\n\t\t\t\t\t\t\t\t\t<\/div>\n\t\t\t<\/div>\n\t\t\t\t\t<\/div>\n\t\t","protected":false},"excerpt":{"rendered":"<p>Druckerh\u00f6hung f\u00fcr die Wasserversorgung Vor welchen Herausforderungen Sie auch stehen [&hellip;]<\/p>\n","protected":false},"author":2,"featured_media":0,"parent":0,"menu_order":0,"comment_status":"closed","ping_status":"closed","template":"","meta":[],"_links":{"self":[{"href":"https:\/\/www.signum.at\/Newsletter\/wp-json\/wp\/v2\/pages\/172"}],"collection":[{"href":"https:\/\/www.signum.at\/Newsletter\/wp-json\/wp\/v2\/pages"}],"about":[{"href":"https:\/\/www.signum.at\/Newsletter\/wp-json\/wp\/v2\/types\/page"}],"author":[{"embeddable":true,"href":"https:\/\/www.signum.at\/Newsletter\/wp-json\/wp\/v2\/users\/2"}],"replies":[{"embeddable":true,"href":"https:\/\/www.signum.at\/Newsletter\/wp-json\/wp\/v2\/comments?post=172"}],"version-history":[{"count":14,"href":"https:\/\/www.signum.at\/Newsletter\/wp-json\/wp\/v2\/pages\/172\/revisions"}],"predecessor-version":[{"id":221,"href":"https:\/\/www.signum.at\/Newsletter\/wp-json\/wp\/v2\/pages\/172\/revisions\/221"}],"wp:attachment":[{"href":"https:\/\/www.signum.at\/Newsletter\/wp-json\/wp\/v2\/media?parent=172"}],"curies":[{"name":"wp","href":"https:\/\/api.w.org\/{rel}","templated":true}]}}